{"id":235,"date":"2022-03-28T23:19:32","date_gmt":"2022-03-29T02:19:32","guid":{"rendered":"https:\/\/loja.sedac-ma.com.br\/?post_type=product&#038;p=235"},"modified":"2025-08-27T21:25:38","modified_gmt":"2025-08-28T00:25:38","slug":"cd-fisico-aprendendo-com-as-historias-que-jesus-contou","status":"publish","type":"product","link":"https:\/\/loja.sedac-ma.com.br\/index.php\/produto\/cd-fisico-aprendendo-com-as-historias-que-jesus-contou\/","title":{"rendered":"CD F\u00edsico &#8211; Aprendendo com as Hist\u00f3rias que Jesus Contou"},"content":{"rendered":"<p>Este CD cont\u00e9m 08 m\u00fasicas in\u00e9ditas de composi\u00e7\u00e3o da Mission\u00e1ria Suely Lima Chaves, este CD faz parte do PROJETO EBF -Escola B\u00edblica de F\u00e9rias. O CD que agora colocamos a Sua disposi\u00e7\u00e3o \u00e9 o resultado do trabalho de discipulado e mentoria realizado no \u00e2mbito das Assembleias de Deus no estado do Maranh\u00e3o. As crian\u00e7as que participaram de sua grava\u00e7\u00e3o, foram selecionadas a partir do concurso Musical \u201cPequenos Disc\u00edpulos\u201d.<br \/>\nM\u00fasicas deste CD:<br \/>\n1 \u2013 Estou Aprendendo<br \/>\n2 \u2013 Voc\u00ea que veio aprender<br \/>\n3 \u2013 Eu amo minha B\u00edblia<br \/>\n4 \u2013 Vamos orar<br \/>\n5 \u2013 Falando vou<br \/>\n6 \u2013 Um passo fora do cural<br \/>\n7 &#8211; Boa terra<br \/>\n8 \u2013 Nos bra\u00e7os do pai<\/p>\n","protected":false},"excerpt":{"rendered":"<p><strong>CD EBF (2016) &#8211; Aprendendo com as Hist\u00f3rias que Jesus contou + PlayBack.<\/strong><\/p>\n<p>Acabamento: Brochura<br \/>\nAutor: Suely Lima<br \/>\nIdioma: Portugu\u00eas<br \/>\nAno de Edi\u00e7\u00e3o: 2016<\/p>\n","protected":false},"featured_media":236,"comment_status":"open","ping_status":"closed","template":"","meta":{"_monsterinsights_skip_tracking":false,"_monsterinsights_sitenote_active":false,"_monsterinsights_sitenote_note":"","_monsterinsights_sitenote_category":0},"product_brand":[],"product_cat":[25],"product_tag":[],"class_list":{"0":"post-235","1":"product","2":"type-product","3":"status-publish","4":"has-post-thumbnail","6":"product_cat-musicas","8":"first","9":"onbackorder","10":"taxable","11":"shipping-taxable","12":"purchasable","13":"product-type-simple"},"aioseo_notices":[],"jetpack_sharing_enabled":true,"_links":{"self":[{"href":"https:\/\/loja.sedac-ma.com.br\/index.php\/wp-json\/wp\/v2\/product\/235","targetHints":{"allow":["GET"]}}],"collection":[{"href":"https:\/\/loja.sedac-ma.com.br\/index.php\/wp-json\/wp\/v2\/product"}],"about":[{"href":"https:\/\/loja.sedac-ma.com.br\/index.php\/wp-json\/wp\/v2\/types\/product"}],"replies":[{"embeddable":true,"href":"https:\/\/loja.sedac-ma.com.br\/index.php\/wp-json\/wp\/v2\/comments?post=235"}],"version-history":[{"count":0,"href":"https:\/\/loja.sedac-ma.com.br\/index.php\/wp-json\/wp\/v2\/product\/235\/revisions"}],"wp:featuredmedia":[{"embeddable":true,"href":"https:\/\/loja.sedac-ma.com.br\/index.php\/wp-json\/wp\/v2\/media\/236"}],"wp:attachment":[{"href":"https:\/\/loja.sedac-ma.com.br\/index.php\/wp-json\/wp\/v2\/media?parent=235"}],"wp:term":[{"taxonomy":"product_brand","embeddable":true,"href":"https:\/\/loja.sedac-ma.com.br\/index.php\/wp-json\/wp\/v2\/product_brand?post=235"},{"taxonomy":"product_cat","embeddable":true,"href":"https:\/\/loja.sedac-ma.com.br\/index.php\/wp-json\/wp\/v2\/product_cat?post=235"},{"taxonomy":"product_tag","embeddable":true,"href":"https:\/\/loja.sedac-ma.com.br\/index.php\/wp-json\/wp\/v2\/product_tag?post=235"}],"curies":[{"name":"wp","href":"https:\/\/api.w.org\/{rel}","templated":true}]}}

CD Físico &#8211; Aprendendo com as Histórias que Jesus Contou

<p>Este CD contém 08 músicas inéditas de composição da Missionária Suely Lima Chaves, este CD faz parte do PROJETO EBF -Escola Bíblica de Férias. O CD que agora colocamos a Sua disposição é o resultado do trabalho de discipulado e mentoria realizado no âmbito das Assembleias de Deus no estado do Maranhão. As crianças que participaram de sua gravação, foram selecionadas a partir do concurso Musical “Pequenos Discípulos”.<br />
Músicas deste CD:<br />
1 – Estou Aprendendo<br />
2 – Você que veio aprender<br />
3 – Eu amo minha Bíblia<br />
4 – Vamos orar<br />
5 – Falando vou<br />
6 – Um passo fora do cural<br />
7 &#8211; Boa terra<br />
8 – Nos braços do pai</p>

<p><strong>CD EBF (2016) &#8211; Aprendendo com as Histórias que Jesus contou + PlayBack.</strong></p>
<p>Acabamento: Brochura<br />
Autor: Suely Lima<br />
Idioma: Português<br />
Ano de Edição: 2016</p>
