{"id":80,"date":"2022-03-28T01:48:16","date_gmt":"2022-03-28T04:48:16","guid":{"rendered":"https:\/\/loja.sedac-ma.com.br\/?post_type=product&#038;p=80"},"modified":"2025-08-27T21:26:46","modified_gmt":"2025-08-28T00:26:46","slug":"cd-fisico-o-melhor-amigo-de-todos","status":"publish","type":"product","link":"https:\/\/loja.sedac-ma.com.br\/index.php\/produto\/cd-fisico-o-melhor-amigo-de-todos\/","title":{"rendered":"CD F\u00edsico &#8211; O Melhor Amigo de Todos"},"content":{"rendered":"<p>Este CD cont\u00e9m 11 m\u00fasicas in\u00e9ditas de composi\u00e7\u00e3o da Mission\u00e1ria Suely Lima Chaves, este CD faz parte do Projeto EBF &#8211; Escola B\u00edblica de F\u00e9rias \u201cO Melhor Amigo de Todos\u201d, cujo Objetivo \u00e9 ganhar vidas para Cristo por meio da evangeliza\u00e7\u00e3o de meninos e meninas durante as f\u00e9rias escolares. Este CD acompanha um livros com as letras das m\u00fasicas.<br \/>\nO CD que agora colocamos a sua disposi\u00e7\u00e3o \u00e9 o resultado do trabalho de discipulado e mentoria realizado no \u00e2mbito das Assembleias de Deus no estado do Maranh\u00e3o. Participa\u00e7\u00e3o especial: Pequenos Disc\u00edpulos 2018.<br \/>\nM\u00fasicas deste CD:<\/p>\n<p>1 \u2013 Vai ser bom!<br \/>\n2 \u2013 Sauda\u00e7\u00e3o<br \/>\n3 \u2013 Livro perfeito<br \/>\n4 \u2013 Posso falar com Deus<br \/>\n5 \u2013 \u00c9 o melhor<br \/>\n6 \u2013 Amigo Melhor<br \/>\n7- Jesus Cuida de Mim<br \/>\n8 \u2013 Amigo Fiel<br \/>\n9 \u2013 Puro amor<br \/>\n10 \u2013 \u201cIde pregai\u201d<br \/>\n11 \u2013 Voc\u00ea quer?<\/p>\n","protected":false},"excerpt":{"rendered":"<p><strong>CD O MELHOR AMIGO DE TODOS + Caderno com letra das m\u00fasicas + Play Back.<\/strong><\/p>\n<p>P\u00e1ginas: 15<br \/>\nAcabamento: Brochura<br \/>\nAutor: Suely Lima<br \/>\nIdioma: Portugu\u00eas<br \/>\nAno de Edi\u00e7\u00e3o: 2018<\/p>\n","protected":false},"featured_media":81,"comment_status":"open","ping_status":"closed","template":"","meta":{"_monsterinsights_skip_tracking":false,"_monsterinsights_sitenote_active":false,"_monsterinsights_sitenote_note":"","_monsterinsights_sitenote_category":0},"product_brand":[],"product_cat":[19,25],"product_tag":[],"class_list":{"0":"post-80","1":"product","2":"type-product","3":"status-publish","4":"has-post-thumbnail","6":"product_cat-ebf","7":"product_cat-musicas","9":"first","10":"onbackorder","11":"taxable","12":"shipping-taxable","13":"purchasable","14":"product-type-simple"},"aioseo_notices":[],"jetpack_sharing_enabled":true,"_links":{"self":[{"href":"https:\/\/loja.sedac-ma.com.br\/index.php\/wp-json\/wp\/v2\/product\/80","targetHints":{"allow":["GET"]}}],"collection":[{"href":"https:\/\/loja.sedac-ma.com.br\/index.php\/wp-json\/wp\/v2\/product"}],"about":[{"href":"https:\/\/loja.sedac-ma.com.br\/index.php\/wp-json\/wp\/v2\/types\/product"}],"replies":[{"embeddable":true,"href":"https:\/\/loja.sedac-ma.com.br\/index.php\/wp-json\/wp\/v2\/comments?post=80"}],"version-history":[{"count":0,"href":"https:\/\/loja.sedac-ma.com.br\/index.php\/wp-json\/wp\/v2\/product\/80\/revisions"}],"wp:featuredmedia":[{"embeddable":true,"href":"https:\/\/loja.sedac-ma.com.br\/index.php\/wp-json\/wp\/v2\/media\/81"}],"wp:attachment":[{"href":"https:\/\/loja.sedac-ma.com.br\/index.php\/wp-json\/wp\/v2\/media?parent=80"}],"wp:term":[{"taxonomy":"product_brand","embeddable":true,"href":"https:\/\/loja.sedac-ma.com.br\/index.php\/wp-json\/wp\/v2\/product_brand?post=80"},{"taxonomy":"product_cat","embeddable":true,"href":"https:\/\/loja.sedac-ma.com.br\/index.php\/wp-json\/wp\/v2\/product_cat?post=80"},{"taxonomy":"product_tag","embeddable":true,"href":"https:\/\/loja.sedac-ma.com.br\/index.php\/wp-json\/wp\/v2\/product_tag?post=80"}],"curies":[{"name":"wp","href":"https:\/\/api.w.org\/{rel}","templated":true}]}}